10
Suppose -2*n = -2*z + 192, 5*z = -2*n + 281 + 185. Let x = z + -46. What is the greatest common divisor of x and 6?
6
Let v = -6 + 9. Suppose -2*u = b - 5*u - 53, 2*b - 79 = -v*u. Calculate the highest common divisor of b and 11.
11
Suppose 20 - 164 = -4*x. Suppose 4*o = 0, -3*m - x = -5*m + 4*o. Let a = 7 + 11. What is the greatest common divisor of a and m?
18
Let c = -3 - -13. Suppose -3*p - 303 = -5*p - 3*v, -2*v = -c. What is the greatest common factor of p and 16?
16
Let d(t) = t**2 - 3*t + 1. Let u be d(-2). What is the greatest common factor of u and 33?
11
Let p be (-18)/(-12)*10 - 4. Calculate the greatest common divisor of p and 99.
11
Suppose 5*q + 76 + 71 = 4*y, 0 = -2*y - 4*q + 54. Let i be (-12)/3*y/(-4). Calculate the highest common factor of i and 3.
3
Let y = -182 - -416. Suppose 3*j = -18 + y. Calculate the greatest common divisor of j and 18.
18
Let g(z) = -z**3 - 5*z**2 + 12*z + 9. Let m be g(-8). Calculate the highest common divisor of m and 15.
15
Suppose g - u + 5 - 45 = 0, -5*u - 158 = -4*g. Calculate the highest common factor of 6 and g.
6
Let r = -64 - -69. What is the greatest common factor of 5 and r?
5
Let m be (-9)/(-12) + 39/12. Suppose m*k + 0*k - 4*b = 16, -2*k + 8 = 5*b. Suppose -8*q + 432 = -k*q. What is the highest common factor of q and 12?
12
Let x = 1 + -4. Let g(r) = -r**3 + 3*r + 2. Let v be g(x). Calculate the highest common factor of v and 10.
10
Suppose 3*j - 8*j - 15 = 0, -4*q + 2*j + 222 = 0. What is the highest common factor of 135 and q?
27
Suppose -103 = -10*m - 23. Calculate the highest common divisor of m and 32.
8
Let z be ((-6)/10)/(20/(-1500)). Let d(t) = -t + 5. Let w be d(-4). Calculate the greatest common divisor of z and w.
9
Suppose 0 = 3*y + 10 - 34. Calculate the highest common factor of 1 and y.
1
Let j = -7 - -4. Let p be (-2 + 0 - j)*5. Let m be (-1)/(-2)*0 + 45. Calculate the highest common divisor of p and m.
5
Let o = -1 + 11. Let q be (-2)/4 + 45/o. Let w be (1*-44)/(3 - q). Calculate the highest common divisor of 11 and w.
11
Let p be 5 - (2 - (2 + 0)). Suppose 0 = -4*d + 4*t + 88, 103 = p*d - t + 3*t. Let g = 37 - d. What is the greatest common divisor of 2 and g?
2
Let m be (0 + -27 + -1)*(-46 - -44). Calculate the greatest common divisor of 56 and m.
56
Let i = 23 - 14. Suppose 2*o = 3*x + 3 + 2, -5*o = -3*x + 1. Let b be -2 - (2 + o + -3). What is the greatest common divisor of i and b?
1
Let m(x) = -x**3 - 8*x**2 + x + 10. Let t be m(-8). Suppose 0 = 5*u - 2*k - 53, 0 + t = 2*k. Calculate the greatest common factor of u and 88.
11
Let k(w) = -w**2 - 14*w + 18. Let a be k(-14). Calculate the greatest common divisor of 9 and a.
9
Let l be -1 + 0 + (1 - -3). Suppose -3*m + 4*m + 5 = 0. Let g = 7 + m. Calculate the greatest common divisor of l and g.
1
Let a = 178 + -106. Suppose 0 = -2*y - y + a. What is the greatest common factor of 264 and y?
24
Let g(u) be the second derivative of u**4/6 + 3*u**2 - 3*u. Let p be g(-5). What is the highest common factor of 8 and p?
8
Suppose 2*t - 123 = t. Suppose -c = -2*c + t. Suppose 3*p + c = 3*v, 123 = 4*v + 2*p - 29. What is the greatest common factor of v and 13?
13
Let v(f) = -6*f + 1. Let n = -13 - -12. Let t be v(n). Let h(c) = 49*c**3 - c**2 + 1. Let u be h(1). What is the greatest common factor of t and u?
7
Let c(m) = m**3 - 9*m**2 + 8*m + 2. Let v be c(8). Calculate the highest common factor of 2 and v.
2
Let t = -3 + 5. Suppose -t*v = -3*v. Suppose -4*h = -v*h - 40. What is the highest common factor of h and 60?
10
Let o be (44/6)/(4/132). What is the greatest common factor of o and 22?
22
Let h(v) = -v + 5. Let w be (6 - 0) + -3 + 1. Let p be h(w). Let t = 2 + -1. What is the greatest common divisor of p and t?
1
Let b = -615 - -867. Suppose -4*f - 20 = -2*g + 148, -3*g = -3*f - b. What is the greatest common factor of g and 12?
12
Suppose -l = 4*z + 7, 31 = 3*l - 2*z - 4. Suppose -3*d + 6*d = -5*s + 90, 4*s - 5*d - 72 = 0. Calculate the highest common factor of l and s.
9
Let g be 2/16 - (-10791)/72. Calculate the greatest common divisor of g and 25.
25
Let l(m) = m**2 + m + 12. Let j be l(8). What is the highest common divisor of j and 56?
28
Suppose 0 = g + 3, 4*r + 6*g = 8*g + 30. Let y(c) = 5*c**3 + 2*c**2 - 2*c + 1. Let f be y(1). Calculate the greatest common factor of f and r.
6
Suppose 0 = -2*j + 25 + 21. What is the highest common divisor of j and 23?
23
Let x be (-4 - (-1 + 1))/(-1). Suppose 0 = -6*v + 285 + 3. Suppose -13*k + v = -5*k. Calculate the highest common divisor of k and x.
2
Suppose 13*c + 162 = 16*c. Calculate the highest common divisor of c and 18.
18
Let u = -53 + 85. Calculate the greatest common factor of 16 and u.
16
Let m(o) = 6*o - 69. Let v be m(16). Calculate the greatest common divisor of 243 and v.
27
Let q(v) = v + 12. Let p be q(-7). Suppose y = -p*z + 63, 0 = 4*z - 3*y - 83 + 25. What is the greatest common factor of 26 and z?
13
Let x(j) = -10*j. Let q be x(-1). Let v be ((-9)/4)/((-1)/12). Suppose 2*r - 113 - v = 0. Calculate the highest common factor of q and r.
10
Suppose -5*j + 20 = -j. Calculate the highest common divisor of j and 1.
1
Let l(c) = 16*c - 4. Let t be l(1). What is the highest common factor of t and 6?
6
Let s be 3/6*0/(-3). Let n be (s/3 - -2)*-2. Let w = n - -16. What is the highest common factor of 48 and w?
12
Let a(p) = p - 4. Let v be a(8). Let r = 35 + -11. What is the greatest common divisor of r and v?
4
Let r = 13 + 28. Suppose 0 = -2*t - 2*k + 198, 3*t - 2*k - 282 = -0*k. Let p = t - r. What is the greatest common divisor of p and 22?
11
Let n(q) = q**2 - 3*q - 4. Let i be n(3). Let h be i/(2 + (-33)/15). Let r be (-3)/(-15) - (-336)/h. What is the greatest common divisor of 34 and r?
17
Let x(j) = -j + 1. Let p be x(-4). What is the greatest common factor of p and 1?
1
Let k(g) = -9*g - 6. Let i(b) = 26*b + 19. Let t(n) = -4*i(n) - 11*k(n). Let v be t(-11). What is the highest common factor of 9 and v?
9
Let w(r) = -135*r**3 - r**2 - 2*r - 1. Let i be w(-1). Calculate the highest common divisor of i and 15.
15
Suppose 0 = -5*s + 6*s - 4. What is the highest common factor of 20 and s?
4
Let z(x) = -x**2 + 8*x - 10. Let v be z(2). Calculate the greatest common divisor of 7 and v.
1
Suppose -5*m + 15 = 0, -k + 1 - 14 = -5*m. Suppose -k = r - 3. Let l be 9/5 + r/5. Calculate the greatest common divisor of 8 and l.
2
Let s(w) = -1 + 116*w**3 + 15*w**3 + 2*w - 36*w**3. Let a be s(1). Calculate the highest common factor of a and 12.
12
Suppose y = 2*y - 2. Calculate the greatest common factor of 3 and y.
1
Let o be 3 - 5 - (-4)/2. Suppose o = 4*c + c. Suppose c*h - 144 = -4*h. What is the greatest common divisor of 9 and h?
9
Suppose -3*n + 0*a + 4*a + 13 = 0, 0 = -n + 2*a + 5. What is the greatest common divisor of 5 and n?
1
Let r(q) = -23*q - 2. Let m be r(-1). Calculate the highest common divisor of m and 147.
21
Let y = 32 + -57. Let x be (-1)/2*(y - -9). Calculate the highest common factor of x and 64.
8
Let q = 6 + -1. Suppose 0 = r - q*f + 1, -2*r - 4*f + 12 = 0. Calculate the highest common divisor of 10 and r.
2
Let c = 74 + -54. What is the highest common factor of 100 and c?
20
Let h be ((-3)/6)/((-3)/6). Let l be (2 - h)*(-11)/(-1). Calculate the highest common factor of 99 and l.
11
Let n be 4/(-30) + 124/30. What is the greatest common factor of 1 and n?
1
Suppose 2 = -0*j + j. Suppose 378 = y + j*y. Calculate the highest common divisor of 18 and y.
18
Let p = 16 - 1. Suppose -2*k + 105 = -k. What is the greatest common factor of k and p?
15
Suppose 0 = -6*a + 39 + 3. Calculate the highest common factor of 2 and a.
1
Suppose -j + 4*w + 146 = j, j - 87 = -5*w. What is the greatest common factor of j and 11?
11
Let x be 4*(-4)/(-16) + 1. What is the highest common divisor of x and 1?
1
Suppose 13 = 3*g - 8. Let j = 17 + g. Let r be ((-10)/1)/((-4)/j). What is the highest common divisor of 12 and r?
12
Let y = 119 + -81. What is the highest common factor of y and 57?
19
Let o = -6 + 0. Let i be o/(-27) + 718/9. Let t(f) = 3*f**3 - f**2 - 2*f. Let z be t(2). What is the greatest common divisor of i and z?
16
Suppose 5*p = 2*f + 202 + 38, 192 = 4*p + 5*f. Calculate the greatest common factor of 72 and p.
24
Let h(i) = -i**3 - 2*i**2 + 12*i + 